0) to base 5
402
What is -23 (base 4) in base 8?
-13
-a3 (base 14) to base 6
-355
-501 (base 7) to base 14
-138
Convert 1d (base 15) to base 11.
26
What is -12 (base 7) in base 4?
-21
Convert -13 (base 12) to base 6.
-23
What is 1100 (base 2) in base 9?
13
3 (base 6) to base 9
3
What is 100001 (base 2) in base 15?
23
bb (base 13) to base 10
154
What is b (base 15) in base 13?
b
Convert 2 (base 8) to base 11.
2
What is -161 (base 8) in base 9?
-135
Convert -1b (base 12) to base 7.
-32
111 (base 6) to base 12
37
11e (base 15) to base 16
fe
Convert 1a (base 16) to base 15.
1b
241 (base 5) to base 2
1000111
29 (base 11) to base 8
37
What is -3 (base 12) in base 13?
-3
3a (base 11) to base 3
1121
Convert 133 (base 16) to base 8.
463
Convert 2 (base 11) to base 9.
2
213 (base 4) to base 5
124
What is 3 (base 15) in base 16?
3
Convert -3 (base 16) to base 15.
-3
-ba (base 14) to base 6
-432
What is 9 (base 12) in base 7?
12
-16 (base 11) to base 7
-23
What is 22 (base 9) in base 15?
15
Convert 51 (base 13) to base 4.
1002
Convert 141 (base 8) to base 4.
1201
Convert -117 (base 13) to base 8.
-275
What is -194 (base 10) in base 15?
-ce
-1 (base 6) to base 15
-1
11 (base 12) to base 8
15
Convert 1 (base 3) to base 16.
1
What is -43 (base 12) in base 15?
-36
Convert -5 (base 6) to base 8.
-5
2 (base 5) to base 15
2
Convert 3 (base 12) to base 14.
3
1 (base 14) to base 12
1
Convert -5 (base 10) to base 12.
-5
0 (base 3) to base 14
0
Convert -2 (base 9) to base 2.
-10
What is -2 (base 7) in base 14?
-2
-23 (base 5) to base 16
-d
-22 (base 5) to base 15
-c
-3 (base 4) to base 11
-3
Convert -10 (base 4) to base 12.
-4
What is 56 (base 7) in base 6?
105
What is 3 (base 7) in base 15?
3
Convert 2 (base 14) to base 10.
2
Convert 210 (base 3) to base 9.
23
-30 (base 11) to base 15
-23
What is -265 (base 8) in base 11?
-155
Convert -5 (base 14) to base 11.
-5
-1023 (base 5) to base 6
-350
Convert -17 (base 10) to base 3.
-122
-76 (base 10) to base 4
-1030
42 (base 5) to base 8
26
Convert -c (base 14) to base 9.
-13
Convert 111 (base 8) to base 15.
4d
Convert -1 (base 3) to base 6.
-1
0 (base 16) to base 12
0
What is 6 (base 11) in base 6?
10
Convert 0 (base 12) to base 13.
0
Convert -10111100 (base 2) to base 11.
-161
-2 (base 12) to base 2
-10
101110 (base 2) to base 3
1201
-c0 (base 15) to base 13
-10b
What is 2 (base 14) in base 2?
10
44 (base 15) to base 12
54
2 (base 15) to base 13
2
4 (base 15) to base 3
11
Convert -2 (base 13) to base 6.
-2
Convert 11 (base 3) to base 6.
4
Convert 0 (base 3) to base 12.
0
-4 (base 7) to base 9
-4
Convert -3 (base 16) to base 5.
-3
Convert 2342 (base 5) to base 2.
101011011
4 (base 7) to base 16
4
What is b7 (base 14) in base 3?
12222
Convert 82 (base 10) to base 16.
52
What is -10102 (base 3) in base 5?
-332
4 (base 6) to base 2
100
Convert 3 (base 4) to base 16.
3
1 (base 5) to base 6
1
Convert -1 (base 11) to base 10.
-1
3 (base 8) to base 11
3
Convert -11 (base 5) to base 15.
-6
What is -122 (base 7) in base 12?
-55
What is -4 (base 7) in base 15?
-4
Convert -101 (base 2) to base 11.
-5
101 (base 2) to base 16
5
Convert -1020 (base 4) to base 2.
-1001000
Convert 3 (base 14) to base 9.
3
What is -111 (base 3) in base 14?
-d
What is -6 (base 14) in base 13?
-6
What is 0 (base 7) in base 15?
0
What is -27 (base 8) in base 15?
-18
11 (base 8) to base 14
9
Convert -10211 (base 3) to base 15.
-6d
What is -1 (base 5) in base 4?
-1
3b (base 14) to base 7
104
What is 32 (base 11) in base 3?
1022
-20 (base 16) to base 15
-22
1 (base 2) to base 8
1
-45 (base 16) to base 8
-105
-11 (base 12) to base 16
-d
Convert 2 (base 13) to base 6.
2
Convert 23 (base 4) to base 8.
13
What is -2c (base 14) in base 13?
-31
-13 (base 8) to base 11
-10
Convert 0 (base 10) to base 14.
0
Convert -3 (base 16) to base 15.
-3
What is -35 (base 16) in base 15?
-38
6 (base 16) to base 15
6
Convert -8d (base 16) to base 5.
-1031
What is -131 (base 9) in base 11?
-9a
What is -20 (base 3) in base 4?
-12
What is -3 (base 5) in base 11?
-3
98 (base 14) to base 11
112
-101 (base 3) to base 16
-a
-41 (base 13) to base 3
-1222
Convert be (base 16) to base 12.
13a
What is -8 (base 16) in base 3?
-22
What is -67 (base 16) in base 10?
-103
What is -7 (base 15) in base 6?
-11
-5 (base 9) to base 12
-5
-9 (base 16) to base 11
-9
What is 14 (base 14) in base 8?
22
Convert -11 (base 9) to base 3.
-101
What is -22 (base 8) in base 7?
-24
-8 (base 12) to base 8
-10
-1 (base 13) to base 10
-1
6 (base 9) to base 7
6
14 (base 9) to base 8
15
Convert -15 (base 8) to base 7.
-16
What is 4 (base 7) in base 15?
4
-6 (base 15) to base 4
-12
33 (base 6) to base 9
23
335 (base 8) to base 13
140
Convert 10 (base 4) to base 13.
4
Convert -5 (base 8) to base 10.
-5
What is 23 (base 9) in base 13?
18
Convert 67 (base 8) to base 3.
2001
What is 2 (base 11) in base 2?
10
4 (base 14) to base 15
4
What is -40 (base 6) in base 9?
-26
Convert 1001100 (base 2) to base 14.
56
0 (base 9) to base 15
0
Convert 11 (base 13) to base 2.
1110
-31 (base 10) to base 3
-1011
What is -5 (base 15) in base 8?
-5
Convert 4 (base 6) to base 15.
4
-474 (base 9) to base 14
-1dd
-20 (base 9) to base 8
-22
Convert -7c (base 16) to base 2.
-1111100
What is a (base 12) in base 13?
a
-4 (base 15) to base 4
-10
Convert 5 (base 6) to base 3.
12
Convert -5 (base 6) to base 4.
-11
What is 0 (base 5) in base 13?
0
Convert 3 (base 14) to base 10.
3
What is -123 (base 5) in base 10?
-38
What is -10 (base 12) in base 13?
-c
Convert -28 (base 12) to base 4.
-200
What is 8 (base 11) in base 16?
8
Convert -1a (base 12) to base 16.
-16
What is -3 (base 5) in base 9?
-3
Convert 57 (base 9) to base 3.
1221
What is 1011 (base 6) in base 5?
1343
11 (base 10) to base 16
b
-8 (base 12) to base 2
-1000
Convert 3 (base 11) to base 15.
3
Convert b (base 16) to base 2.
1011
Convert 4 (base 11) to base 13.
4
What is 55 (base 7) in base 4?
220
What is 11010 (base 2) in base 9?
28
What is -5 (base 14) in base 11?
-5
4 (base 15) to base 14
4
Convert -a (base 13) to base 8.
-12
What is -103 (base 6) in base 2?
-100111
36 (base 14) to base 8
60
What is -3 (base 15) in base 5?
-3
-14 (base 14) to base 6
-30
Convert 8 (base 16) to base 2.
1000
Convert 1 (base 9) to base 3.
1
What is 3 (base 8) in base 6?
3
4 (base 6) to base 5
4
61 (base 10) to base 9
67
Convert 223 (base 12) to base 15.
160
Convert -10122 (base 3) to base 4.
-1202
What is 141 (base 8) in base 11?
89
-2a (base 11) to base 9
-35
29 (base 11) to base 15
21
-10111 (base 3) to base 9
-114
-245 (base 7) to base 12
-ab
4 (base 11) to base 4
10
4 (base 8) to base 9
4
What is -2 (base 10) in base 11?
-2
Convert 22 (base 3) to base 10.
8
-4 (base 15) to base 16
-4
Convert 9 (base 10) to base 15.
9
What is -388 (base 9) in base 15?
-168
-15 (base 13) to base 12
-16
Convert -3 (base 4) to base 7.
-3
Convert 6 (base 10) to base 15.
6
-10 (base 5) to base 6
-5
Convert 44 (base 8) to base 10.
36
What is 24 (base 11) in base 4?
122
What is -3 (base 10) in base 16?
-3
Convert -16 (base 15) to base 16.
-15
-4 (base 9) to base 16
-4
Convert 1 (base 5) to base 11.
1
What is 1 (base 11) in base 13?
1
Convert -6 (base 14) to base 16.
-6
What is 38 (base 14) in base 9?
55
What is -3 (base 9) in base 13?
-3
-12 (base 16) to base 2
-10010
What is 3 (base 16) in base 4?
3
Convert -120 (base 7) to base 9.
-70
-b (base 15) to base 6
-15
Convert 2 (base 3) to base 13.
2
Convert -1012 (base 4) to base 9.
-77
What is -1 (base 11) in base 2?
-1
Convert 1 (base 4) to base 5.
1
Convert -7 (base 10) to base 7.
-10
20 (base 3) to base 16
6
What is 120 (base 6) in base 2?
110000
What is 4 (base 14) in base 11?
4
-12 (base 13) to base 12
-13
What is 6 (base 14) in base 4?
12
Convert -3 (base 4) to base 6.
-3
What is 1 (base 11) in base 4?
1
What is -5 (base 9) in base 14?
-5
Convert -1 (base 2) to base 7.
-1
What is 8 (base 13) in base 10?
8
-33 (base 12) to base 5
-124
Convert c (base 15) to base 5.
22
Convert -9 (base 14) to base 9.
-10
What is 21 (base 10) in base 3?
210
111002 (base 3) to base 16
161
What is 13 (base 6) in base 5?
14
What is -4 (base 13) in base 8?
-4
What is 5 (base 14) in base 13?
5
What is -6 (base 11) in base 6?
-10
What is 12 (base 4) in base 10?
6
Convert 11 (base 2) to base 7.
3
W